r**2 - 3*r - 28. Let u(w) = -2*a(w) + 5*j(w). Determine u(3).
-2
Let g(w) be the second derivative of w**4/4 + 7*w**3/6 + 19*w. Let u(p) = -p**2 + 1. Let c(l) = g(l) + 4*u(l). Suppose 9*j - 30 = 4*j. Determine c(j).
10
Let w(z) = -3 - 16199*z**2 - 9*z - z**3 - 16207*z**2 + 32394*z**2. What is w(-12)?
105
Let b(y) be the third derivative of -1/15*y**5 + 61*y**2 + 7/6*y**3 + 0*y - 1/120*y**6 + 1/8*y**4 + 0. Calculate b(-4).
-5
Suppose 0 = -29*c + 35*c - 102. Suppose 26*i - c*i = 45. Let q(k) = -k**2 + 4*k - 4. Give q(i).
-9
Let a(l) = 43*l**2 - 560*l + 15. Let x be a(13). Let v be (-1)/(2 - 1) + 7. Let w(i) = -i**3 + 5*i + 3*i - 5*i**x - 13*i + v*i. Give w(-5).
-5
Let t be (70/(-7))/(1*2). Let d(y) = 2*y - 15. Let r(w) = -w + 8. Let f(p) = t*r(p) - 3*d(p). Calculate f(5).
0
Let u(z) = 6*z. Suppose -l = 5*y + 31, -4*y - 1 = -21. Let c = 63 + l. Let d be (2 + 0)*1 + c + -8. Give u(d).
6
Let f(k) be the third derivative of -k**4/4 + k**3/3 + 3*k**2 + 114*k. What is f(-1)?
8
Let i(b) = 3*b - 2. Let s(m) = 2*m - 1. Suppose -z + 15 = 18. Let w(a) = z*i(a) + 5*s(a). Let c(v) = -v**3 - 9*v**2 + 11*v + 3. Let o be c(-10). Determine w(o).
-6
Let j(l) = 5*l**3 - 2*l**2 + 2*l - 1. Let f(x) = x**3 - 5*x**2 + 4*x - 15. Let c be f(5). Suppose -c*t = -8*t + 3. What is j(t)?
4
Let i(g) = 5*g + 183. Let f be 333/(-6)*((-756)/216 + (-25)/(-6)). Give i(f).
-2
Let w(y) = 2*y + 9. Let r be 0 + 1/(1/(-6)). Let i be w(r). Let a(c) = -c**2 + 2*c + 3. Let f(v) = -v**2 + 9*v + 5. Let m(j) = 3*a(j) - f(j). Determine m(i).
-5
Let l(k) be the second derivative of k**5/5 - 7*k**4/3 + 4*k**3/3 - 5*k**2 - 47*k. What is l(7)?
46
Let p be (-3)/(0 - (-6)/8). Let a(t) = t**3 + 7*t. Let c(q) = -q**2 + q. Let x(w) = p*c(w) + a(w). Suppose -2669*y = -2660*y + 18. Give x(y).
2
Let w(a) = 1 - 76489*a**2 - a**3 + 76481*a**2 + 10 - 14*a. Calculate w(-4).
3
Let x(p) = -p - 10. Let l(d) = 2 + 8 + 6*d - 3*d - 2*d. Suppose -i + 161 = -24*i. Let s(g) = i*x(g) - 6*l(g). Calculate s(-5).
5
Let o(r) = -r**3 - 9*r**2 - 17*r + 12. Let d be 40/(-30)*(-9)/6*-4. Give o(d).
84
Let i be -9 + (-1616)/(-176) + 114/(-22). Suppose 0 = -2*q - 2 + 8. Let g(z) = -4*z. Let l(b) = -5*b. Let t(w) = q*l(w) - 4*g(w). What is t(i)?
-5
Suppose 116 = 2*m - 220. Let y be 1 + 1 - m/28. Let w(z) = -z**2 - 3*z + 5. Determine w(y).
1
Let l(c) = -2*c + 3. Let z(y) = 3*y + 12. Let x be z(-6). Let b(v) = -3*v + 3. Let m(h) = x*l(h) + 5*b(h). Let p be ((-1)/(-2))/((-2)/12). Calculate m(p).
6
Let r(q) be the third derivative of q**6/120 - 2*q**5/15 + 17*q**4/24 - 4*q**3/3 + 79*q**2. Calculate r(5).
2
Let f(n) = n**3 + 8*n**2 - 4*n + 11. Let y be f(-8). Suppose y = -5*t + t + o, -1 = t + 3*o. Let q(p) = -p**2 - 12*p - 10. Determine q(t).
10
Let z be (-15)/2*14/(-3). Suppose -2*o + 3*c = -31, 5*o - 21*c = -22*c + z. Let w(u) = -u**2 + 9*u - 1. Calculate w(o).
7
Let t be -18 + (5 - (3 - 12)). Let i(w) = w**3 + w**2 - 13*w - 13. Give i(t).
-9
Let m(t) = -9*t - t**3 - 4*t + 4*t + 12 + 12*t**2 - 3*t**2. Let f be m(8). Let a be 42/4*f/6. Let q(s) = s + 1. Calculate q(a).
8
Let u(t) = 2 + 5*t + 7 + 6 + 4 - 9*t. Give u(7).
-9
Let g(y) = -y**2 - 12*y + 22. Let m(w) = -2*w**2 - 11*w + 24. Let k(f) = -3*g(f) + 2*m(f). Determine k(12).
6
Suppose -2*b = -0*b. Let f(i) = 13 + 3*i**3 - i**2 + 2*i**3 - 4*i**3 + 145*i + 0*i**3 + 141*i - 285*i. Give f(b).
13
Let j(l) = -10*l + l**2 + 2694 - 2649 - 6*l. Determine j(13).
6
Let m(q) = 3*q**2 - 5*q + 62. Let g(x) = x**2 + 11. Let f(v) = -5*g(v) + m(v). Let k be (-3 + 2)*(4 + 1). Determine f(k).
-18
Let l be (-1 - (-12)/8)*12. Suppose 2*p + l = 5*p. Let d(k) = -11*k**2 + p*k**3 - 4*k + 2 + 7*k**2 - 3 - k**3. Determine d(4).
-17
Suppose 2*d - h = -2, 4*h - 12 = 2*d + 2*d. Let g(t) be the first derivative of 9*t**2/2 - 3*t - 8681. Calculate g(d).
6
Let a be (-1)/((14/46)/7)*-4. Suppose 0 = -96*v + a*v + 16. Let x(g) = -g**3 + 2*g**2 - 2*g. What is x(v)?
-40
Let d(h) = 14*h**2 - 22*h - 10. Let b(y) = 5*y**2 - 7*y - 3. Let m(x) = 11*b(x) - 4*d(x). Suppose -2*q + 39 - 70 = -3*p, 3*q - 58 = -5*p. What is m(p)?
7
Let p(g) = g**2 - 3. Let o(u) = -8*u**2 + 19. Let r(w) = o(w) + 6*p(w). Let z(y) = -y**3 - 11*y**2 + 2*y. Let a(n) = -4*r(n) + z(n). Give a(-4).
4
Let n(c) be the second derivative of -c**4/12 - 4*c**3/3 - 13*c**2/2 - 3962*c. Give n(-4).
3
Let j(w) = -w**3 - 2*w**2 + 3*w - 1. Let l(v) = -11*v**2 - 20 - 131*v - v**3 + 260*v - 131*v. Let p be l(-11). Determine j(p).
-11
Let f(v) be the second derivative of v**6/120 - v**5/15 - v**4/3 - v**3/2 - 79*v**2 - 193*v. Let j(q) be the first derivative of f(q). Give j(6).
21
Let p(r) = -r**2 - 2*r + 2. Let j(w) = 5*w - 25. Let b be j(6). Suppose 0 = -4*a + c + 15, 4*c = b*a - 4*a - 15. Suppose -4*v - 13 = a. Determine p(v).
-6
Let r(x) be the third derivative of x**6/120 + x**5/15 - x**4/12 - x**3 - 7*x**2. Suppose h - 78 + 66 = -4*q, q = 5*h + 24. Calculate r(h).
2
Let c be (7 + -5 - 1)*(2 - 2). Suppose h + 26 = 3*m - c, -4*m + 3*h = -33. Let q(d) = d - m - 1 - 3*d + 8*d**2 - d**3 + 22. What is q(8)?
-4
Let p(z) = -z**2 + 4*z + 1. Let g be p(4). Let c(j) = 267*j - 66*j - 70*j - 71*j - 61*j - 11*j**2. Calculate c(g).
-12
Let h(l) = -l**3 + 2*l**2 + 2*l - 2. Let y be 6*(2 - 52/6). Let o be (6 - 106)/(-2) + -7. Let c = y + o. Calculate h(c).
-5
Suppose -69*u - 2*n = -74*u + 99, 2*u + 5*n + 1 = 0. Let h(j) = -5*j + 94. What is h(u)?
9
Let w be (-2 + 5 - -3)*(-4)/12. Let f be (310/45 - 2) + w/(-18). Let p(s) = 3*s**3 + 2 - 4*s**3 + 5*s**2 + 4. Give p(f).
6
Let x(q) be the second derivative of -q**5/10 - q**4/3 + q**3/2 - q**2/2 + 48*q + 4. Calculate x(2).
-27
Suppose 0 = 3*d + 2*i - 5, 3 = 3*d + 5*i + 13. Let t(r) = 249*r + 1 + 3 - d*r**2 - 249*r - r**3. Let q(u) = -u**2 + 5*u + 1. Let b be q(6). Determine t(b).
4
Let r(u) be the second derivative of 0*u**2 - 22*u + 1/120*u**5 + 0 + 5/6*u**3 + 1/360*u**6 + 1/3*u**4. Let c(b) be the second derivative of r(b). What is c(0)?
8
Let a(z) = z**3 - 6*z**2 - 7*z - 9. Suppose 2*v - 7 - 33 = -4*y, -2*v - 2 = -2*y. Determine a(y).
-9
Let c(t) = -101*t + 11. Let h be c(3). Let z = 299 + h. Let j(a) = -5*a - 6. Determine j(z).
-41
Let l(v) be the third derivative of -v**5/60 - v**4/24 - 65*v**3/3 - 141*v**2. Let p(n) be the first derivative of l(n). Give p(-12).
23
Let z(q) = 5*q + 2 - 7*q + 0*q - 2*q**2 - q**2 + q**2 + 2*q**3. Let b be (-10)/(-12) - 147/(-126). Calculate z(b).
6
Let s(k) = k**2 - 5*k - 8. Suppose -21*r = -17*r - 884. Let c = 227 - r. Determine s(c).
-2
Let g(u) = -2*u - 21. Let t(r) = -2*r**3 + 19*r**2 - 34*r + 87. Let s be t(8). Give g(s).
-35
Let y(u) = -u**3 - 9*u**2 - 6*u + 3. Let w = 139 - 110. Suppose 0 = w*i + 221 + 11. What is y(i)?
-13
Let q be 11 + -32 - (4 - (2 + 8)). Let p(k) = -4*k - 64. Give p(q).
-4
Let a(k) = k**3 - 7*k**2 - 8*k + 5. Let y be -24 - -28 - (173 - 1). Let b = y + 176. What is a(b)?
5
Let g(s) = -21*s - 13*s + 6 - 5*s**2 - 11*s - 20*s + 67*s. Give g(2).
-10
Let k = 4822 - 4818. Let x(q) = 4*q**2 - 2*q - 6. Give x(k).
50
Let k(m) = -m**3 - 19*m**2 + 20*m - 13. Let z = 32000 - 32020. What is k(z)?
-13
Let l(u) = -u**2 - 7*u + 2. Let s(i) = 0*i**3 - 20 + 0*i**3 - 21*i - i**3 - 12*i**2 + 21. Let j be s(-10). Let q = -17 + j. Calculate l(q).
8
Let v(o) = 26*o**2 - o. Let u be 4/2*(6 - (-33)/6). Let i be 2/u - (-42)/46. Calculate v(i).
25
Let y be -3*10/2*-1. Let l be y*(-1 + (-6)/(-10)). Let n(a) = 2*a**3 - a**2 + a + 1. Let z(i) = 11*i**3 - 4*i - 3. Let q(o) = -5*n(o) + z(o). Determine q(l).
10
Let h(j) be the second derivative of j**5/10 - 31*j**4/12 - 8*j**3/3 - j**2 - 1517*j. Calculate h(16).
-2
Let d be (-4)/((-16)/(-932)) - 4. Let c be 8/(-36) - (-1 + d/(-27)). Let m(t) = 3*t**2 + 5 - 10*t**2 - 6*t + 0*t**2 + 6*t**2. Calculate m(c).
-11
Let m(l) = -3*l - 14. Suppose 667*o - 669*o = 1406. Let z = 696 + o. Give m(z).
7
Suppose 2*m + 17 = 25, -2*s + m = -24. Let g(a) = -a**3 + 15*a**2 - 13*a. What is g(s)?
14
Let g(t) be the third derivative of t**5/60 + t**4/12 - 7*t**3 + 4056*t**2. What is g(-7)?
-7
Let z be (-341)/2387 + ((-856)/(-14) - 1). Let d be (-5)/4 + z/48. Let q(a) = -a**3 - a - 17. Give q(d).
-17
Suppose -4*c - 2 = q - 3*q, c + 3*q = 17. Suppose 4*b = -4*j - 4, -4*j = -2*b - c*j + 2. Suppose 0*t - 4*t = b. Let f(d) = d**2 - 14. What is f(t)?
-14
Let y(u) = u**2 + 2*